9).
18
Let v(y) = -5*y**2 - 4*y - 10. Calculate v(-4).
-74
Let a(n) = -3*n**2 - n + 24. Give a(-6).
-78
Let d(c) = c**2 + 9*c - 14. Give d(-11).
8
Let f(a) = -a**2 + 7*a + 3. Give f(4).
15
Let u(c) = c**3 + 10*c**2 + 14. Give u(-10).
14
Let k(l) = l - 5. Give k(7).
2
Let t(x) = x**3 + 4*x**2 - 6*x - 23. Give t(-4).
1
Let x(o) = -23*o - 80. What is x(-3)?
-11
Let p(w) = 91*w**3 + 2*w - 1. Calculate p(1).
92
Let z(q) = 2*q**2 + 13*q + 4. Calculate z(-10).
74
Let i(k) = -44*k + 95. What is i(2)?
7
Let g(p) = 11*p**2 + p. Determine g(1).
12
Let q(v) = 5*v**2 + 46*v + 4. Calculate q(-9).
-5
Let l(t) = t**3 - 5*t**2 + 3*t - 6. Calculate l(4).
-10
Let f(i) = -i + 11. What is f(-10)?
21
Let x(z) = -55*z - 602. Calculate x(-11).
3
Let q(o) = o**3 - 23*o**2 + 22*o + 20. Calculate q(22).
20
Let l(v) = v**3 - 24*v**2 + 41*v + 65. Calculate l(22).
-1
Let l(c) = -8*c**3 - c**2 + c - 1. What is l(1)?
-9
Let t(b) = -b**2 - 13*b - 34. Give t(-11).
-12
Let h(y) = -2*y**3 + 5*y**2 - 4. Calculate h(4).
-52
Let f(d) = -d**2 - 5*d + 5. Give f(-8).
-19
Let u(b) = 30*b + 5. Determine u(3).
95
Let z(q) = -11*q + 1. What is z(-1)?
12
Let d(n) = -3*n - 50. Determine d(-13).
-11
Let o(c) = -c**3 - 9*c**2 - 23*c - 15. Determine o(-5).
0
Let a(m) = 18*m**2 - m + 1. Determine a(-1).
20
Let q(k) = 114*k - 1143. What is q(10)?
-3
Let i(x) = -x**3 + 8*x**2 - 8*x + 7. Give i(7).
0
Let t(i) = i**3 + 11*i**2 - 2*i - 27. Calculate t(-11).
-5
Let d(p) = -10*p + 12. Determine d(11).
-98
Let w(z) = z**3 - 12*z**2 + 4*z - 15. Determine w(11).
-92
Let b(r) = 42*r + 848. Calculate b(-20).
8
Let u(w) = 2*w**3 - 13*w**2 + 2*w + 7. What is u(6)?
-17
Let a(z) = -2*z**2 - z + 2. Calculate a(8).
-134
Let z(f) = -7*f**2 + 4*f - 3. Calculate z(1).
-6
Let p(f) = -13*f + 30. What is p(-10)?
160
Let p(o) = 2*o + 4. Give p(-9).
-14
Let j(v) = 4*v + 3. What is j(-1)?
-1
Let t(h) = -h**3 + 4*h**2 + 3*h - 1. Give t(4).
11
Let q(j) = -32*j + 506. What is q(16)?
-6
Let m(j) = -24*j - 5. Calculate m(4).
-101
Let d(p) = -5*p**2 + 7*p - 3. Give d(3).
-27
Let f(y) = -y + 26. Calculate f(17).
9
Let r(v) = -v**3 + 39*v**2 + 168*v - 13. Determine r(-4).
3
Let x(u) = 17*u**2 + 3*u + 2. Give x(-1).
16
Let w(j) = -j**3 - 7*j**2 - 5*j - 6. Determine w(-6).
-12
Let s(b) = -b**2 + 4*b - 1. Determine s(3).
2
Let k(a) = -2*a + 6. Determine k(7).
-8
Let q(v) = -v**3 + 39*v**2 - 36*v - 69. Calculate q(38).
7
Let p(x) = -2*x**3 + 14*x**2 - 2*x + 16. What is p(7)?
2
Let i(y) = 4*y + 3. What is i(5)?
23
Let y(a) = -9*a - 3. Calculate y(3).
-30
Let j(n) = -n**3 + 8*n**2 - 7*n + 5. Give j(7).
5
Let p(z) = z**3 - 2*z**2 - 4*z + 19. Calculate p(3).
16
Let y(p) = 12*p**2 - 111*p + 28. Give y(9).
1
Let s(r) = -r**2 + 10*r - 16. What is s(10)?
-16
Let t(j) = -j**2 + 15*j + 100. Determine t(20).
0
Let k(l) = -l**2 - 9*l - 27. Determine k(-7).
-13
Let c(u) = -u**3 - 7*u**2 + 9*u + 2. Give c(-8).
-6
Let r(s) = -94*s - 839. Calculate r(-9).
7
Let r(c) = -2*c**3 - 16*c**2 + 2*c + 16. Give r(-8).
0
Let b(c) = 15*c**3 - 104*c**2 - 4*c - 12. Calculate b(7).
9
Let x(l) = -3*l - 44. Determine x(-16).
4
Let l(x) = 2*x**2 - 37*x + 29. Give l(16).
-51
Let n(t) = -t**2 + 7*t + 6. Calculate n(7).
6
Let i(o) = 13*o + 42. Give i(-5).
-23
Let g(h) = -2*h**3 - h**2 - 5*h - 5. What is g(-1)?
1
Let w(p) = -p**3 - 6*p**2 - 9*p - 15. Give w(-6).
39
Let v(i) = -i**3 - 4*i**2 + 23*i + 107. Give v(-4).
15
Let r(o) = o**3 - 9*o**2 + 15*o - 55. Determine r(8).
1
Let t(x) = -x**3 - 26*x**2 - 21*x + 97. Calculate t(-25).
-3
Let b(t) = 68*t - 1566. Determine b(23).
-2
Let i(t) = t - 4. Calculate i(1).
-3
Let w(f) = -f**3 - 2*f**2 + 9*f + 27. Give w(-5).
57
Let h(m) = -21*m - 31. What is h(5)?
-136
Let m(t) = t**2 - 6*t + 5. What is m(6)?
5
Let j(l) = l**2 - 5*l + 2. Calculate j(3).
-4
Let i(h) = -h**2 + 42*h - 431. What is i(23)?
6
Let a(i) = i + 1. What is a(-3)?
-2
Let t(i) = i - 7. What is t(10)?
3
Let y(z) = -6*z**2 + 4*z - 3. Calculate y(2).
-19
Let c(m) = -2*m**3 - 12*m**2 + 18*m + 16. What is c(-7)?
-12
Let z(g) = -g**3 + g**2 - g - 2. What is z(-3)?
37
Let k(v) = -v**2 - 12*v - 5. Calculate k(-11).
6
Let s(m) = -m**2 - 17*m + 5. Give s(-17).
5
Let z(p) = p**2 - 9*p + 39. Calculate z(4).
19
Let u(b) = 34*b + 2. Give u(2).
70
Let g(o) = 10*o**2 - 520*o - 2. What is g(52)?
-2
Let u(g) = g**2 - 19. Give u(0).
-19
Let t(k) = 51*k - 301. Calculate t(6).
5
Let w(f) = -4*f - 20. Give w(-5).
0
Let h(d) = -8*d**3 - d**2 - d - 1. Calculate h(-1).
7
Let p(q) = -2*q - 133. What is p(-66)?
-1
Let f(i) = -i**2 - 2*i - 4. Give f(-6).
-28
Let u(m) = m**2 + 5*m - 19. Give u(-10).
31
Let b(d) = d**3 + 10*d**2 + 2*d - 7. Give b(-10).
-27
Let h(v) = -v + 13. What is h(-4)?
17
Let f(i) = 10*i - 11. What is f(5)?
39
Let r(l) = -l**2 + 12*l - 11. What is r(10)?
9
Let t(z) = -z**3 + 10*z**2 + 11*z - 8. Give t(8).
208
Let b(g) = 3*g + 36. What is b(-10)?
6
Let j(t) = -2*t**3 - t. Calculate j(1).
-3
Let m(y) = -2*y**2 - y + 2. What is m(2)?
-8
Let g(u) = u + 5. Determine g(-3).
2
Let b(o) = 14*o - 56. Calculate b(3).
-14
Let m(q) = -2*q**2 + 20*q - 21. Calculate m(9).
-3
Let u(p) = -p**3 + 7*p**2 + 2*p - 2. Give u(7).
12
Let u(w) = w**2 + 24*w + 25. What is u(-20)?
-55
Let j(m) = -m**3 + 14*m**2 - 35*m + 27. What is j(11)?
5
Let o(m) = -2*m + 6. Determine o(7).
-8
Let f(y) = -3*y**2 + 59*y + 16. Determine f(20).
-4
Let u(b) = 42*b + 6. Give u(-1).
-36
Let j(a) = a - 2. Give j(-7).
-9
Let k(h) = -h**3 + 6*h**2 + 11*h - 26. Determine k(7).
2
Let m(h) = 3*h - 93. Determine m(30).
-3
Let y(v) = -v**2 + 60*v + 1695. What is y(-21)?
-6
Let w(c) = -c**3 - 3*c**2 + 11*c. Give w(-5).
-5
Let g(c) = 75*c + 1276. What is g(-17)?
1
Let j(q) = -4*q**2 - 6*q - 1. Give j(-1).
1
Let a(b) = b + 24. Calculate a(-10).
14
Let v(z) = -z**2 - 13*z - 11. Give v(-9).
25
Let s(d) = 6*d + 96. Calculate s(-16).
0
Let l(k) = -2*k**2 + 10*k + 55. What is l(13)?
-153
Let v(z) = -z**3 + 6*z**2 - 6*z - 6. Determine v(3).
3
Let h(u) = u**2 - 15*u - 38. What is h(17)?
-4
Let q(m) = -m**3 + m**2 - 3. Give q(-2).
9
Let o(q) = -q**2 - 23*q - 24. Determine o(-22).
-2
Let c(a) = -4*a**3 + 61*a**2 + 46*a + 27. Determine c(16).
-5
Let k(d) = 26*d + 9. Determine k(-4).
-95
Let l(u) = -6*u**2 + 2*u. Give l(2).
-20
Let g(d) = -105*d + 1. Determine g(-1).
106
Let j(a) = -3*a + 7. Calculate j(5).
-8
Let m(d) = d + 11. Give m(-4).
7
Let d(r) = -2*r**3 - 64*r**2 - 7. Calculate d(-32).
-7
Let r(z) = z**3 + 4*z**2 - 12*z + 7. Give r(-6).
7
Let t(y) = 4*y - 14. Calculate t(0).
-14
Let u(q) = q**3 + 14*q**2 + 10*q - 41. What is u(-13)?
-2
Let a(i) = -2*i**3 + 15*i**2 + 6*i + 19. Determine a(8).
3
Let n(c) = -25*c**2 - c. Give n(-1).
-24
Let p(r) = -r**3 - 7*r**2 - 4*r + 10. Give p(-5).
-20
Let z(i) = -2*i**2 - 5*i + 3. Determine z(-5).
-22
Let z(p) = p**2 + 6*p + 7. Determine z(-4).
-1
Let w(l) = -7*l**3 - 9*l**2 - 10*l. Give w(-1).
8
Let q(p) = 6*p**2 - 6*p - 18. Calculate q(-3).
54
Let f(h) = -18*h**2 + 253*h - 23. Give f(14).
-9
Let w(f) = -21*f**2 - f - 3. Give w(-2).
-85
Let m(x) = -x**3 + 3*x**2 - x + 5. What is m(3)?
2
Let c(q) = -24*q - 4. Determine c(-3).
68
Let h(k) = 8*k**2 - 4*k - 1. What is h(1)?
3
Let c(p) = -p**3 - 9*p**2 + p - 12. What is c(-9)?
-21
Let v(i) = -2*i - 5. Determine v(-1).
-3
Let b(n) = -n - 10. What is b(-4)?
-6
Let m(n) = -7*n**2 - 6*n - 5. What is m(-2)?
-21
Let c(a) = -a**2 - 49*a - 548. What is c(-17)?
-4
Let s(g) = -2*g**2 + 12*g - 6. Calculate s(6).
-6
Let b(d) = -d**3 + d**2 + 2*d + 6. Calculate b(3).
-6
Let t(d) = d**2 + 13*d + 20. Determine t(-8).
-20
Let k(n) = -2*n**3 - 2*n**2 + 16*n + 5. Give k(3).
-19
Let z(d) = 5*d + 6. Give z(-6).
-24
Let t(z) = -z**2 - 14*z + 2. What is t(-8)?
50
Let s(p) = 2*p**2 + 26*p + 54. Calculate s(-9).
-18
Let l(p) = -p**3 + 6*p**2 + p + 1. Determine l(6).
7
Let o(p) = 3*p**3 + 26*p**2 + 18*p + 7. Give o(-8).
-9
Let t(y) = 3*y**2 - 4*y - 7. Determine t(5).
48
Let l(v) = v**2 + 37*v + 210. Give l(-30).
0
Let o(j) = -j**3 - 3*j**2 + j - 1. Calculate o(-3).
-4
Let o(y) = -y**2 - 14*y - 6. What is o(-17)?
-57
Let o(q) = -q**2 + 16*q - 51. What is o(7)?
12
Let a(m) = -2*m**3 + 6*m**2 - 8*m + 2. What is a(0)?
2
Let x(m) = -m**3 + 33*m**2 - 61*m - 40. Determine x(31).
-9
Let w(k) = k**2 + 7*k + 13. What is w(-4)?
1
Let h(r) = 3*r + 4. Determine h(-5).
-11
Let i(